(-5). Suppose -5*w = -h - 104. What is the tens digit of w?
2
Suppose -4*m + 11*t = 14*t - 3528, 3*m + t - 2651 = 0. What is the tens digit of m?
8
What is the hundreds digit of -7*440/(-13) + 8/104?
2
Let c(h) = -h + 1. Let t be c(-2). Suppose -t*l - 11 = -20. Suppose 0 = l*r + 2*r - 90. What is the tens digit of r?
1
What is the units digit of (-366)/8*(35 - 39)?
3
Let w be (-112)/(-16) + -3*1. Suppose w*h + 220 = -8. What is the units digit of 3*(h/(-9) + -4)?
7
Suppose -10 = 4*b - 570. Suppose 3*z - z = b. Suppose 0*t = 2*t - z. What is the tens digit of t?
3
Suppose v + 19 = 4*v + 4*j, 3*j + 15 = 0. Suppose -4*b = 4*s - 76, -2*b + v = 3*s - 27. What is the tens digit of b?
1
Let o(a) = -12*a**3 + 8*a**2 - 6*a - 7. What is the hundreds digit of o(-4)?
9
Let t(h) = 30*h**2 - h - 1. Let u be t(2). Suppose -3*w + 2*w + u = 0. What is the hundreds digit of w?
1
Suppose -7*p = 35 - 371. What is the units digit of p/16*28/3?
8
What is the hundreds digit of (-41643)/(-28) - (-8)/(-32)?
4
Let s(b) = -b. Let t be s(-9). Suppose -3*o + 31 = -5*x, -3*o - x - 2*x - t = 0. Let n(p) = 3*p**2 + p - 1. What is the units digit of n(o)?
3
Let v(h) = -h**3 + 39*h**2 + 18*h - 43. What is the hundreds digit of v(38)?
0
Suppose 3*a - 40 = -3*w + 4*a, 2*a - 60 = -4*w. What is the units digit of w?
4
Let v = -407 - -630. What is the hundreds digit of v?
2
Let h(z) = -5*z - 2. Let a = -4 - -12. Let p be a/4*2/(-2). What is the units digit of h(p)?
8
What is the units digit of (-443)/(-1) - (28/(-4) + 4)?
6
Let n(d) be the first derivative of -5*d**2/2 - d + 9. Suppose 10 = -4*a + 2*z, -5*a + a + 5*z - 1 = 0. What is the tens digit of n(a)?
1
Let i(h) = h**2 + 51. Let p be i(0). Suppose 5*n - g = 164, 0 = -2*n - 3*g + 1 + p. What is the tens digit of n?
3
Let b = 10 - -520. Suppose -b = -3*w + 91. What is the hundreds digit of w?
2
Let b(a) = a - 21. Let r(j) = -11. Let l(p) = 6*b(p) - 11*r(p). What is the tens digit of l(6)?
3
Suppose -2005 = -14*n + 207. What is the tens digit of n?
5
Let c = 829 + -184. What is the tens digit of c?
4
Suppose 21*w = 25*w - 18956. What is the hundreds digit of w?
7
Suppose -3*m = -0*m - 9, -5*a - 563 = 4*m. Let y = -49 - a. What is the tens digit of y?
6
Suppose -21035 = 8*p + 2*i - 56355, -3*p + 13268 = -5*i. What is the units digit of p?
6
Let p(q) = -q**3 - 9*q**2 - 16*q + 1. Let f be p(-7). Suppose -3*o + 195 - f = 0. What is the units digit of o?
0
Let l be 2/(-2)*(-1 - -3). Let f be -3 + 60 + (1 - l). Let u = f + -35. What is the tens digit of u?
2
Suppose 3*r = s - 1091, 4*r = s + 409 - 1497. Suppose 0 = -4*w - 20, 2*w + 215 = -5*n + s. What is the tens digit of n?
7
Suppose 3*n - 1808 = -5*n. Suppose 0 = m + 2*c - n + 76, 0 = 4*m - 2*c - 550. What is the hundreds digit of m?
1
What is the units digit of 1182*2/16*224/42?
8
Let s be 8/5*15/1. Let d be 2*(-2)/(-8)*s. Suppose 5*c = -3*r + r + 30, 2*c + 3*r - d = 0. What is the units digit of c?
6
Let v = -24 - -28. Let q(f) = 10*f**2 - 5*f + 29. What is the hundreds digit of q(v)?
1
Suppose -91 = -2*z + 101. Suppose -p + 3*l = 20, -5*p + l = 4 + z. What is the tens digit of ((-3)/2)/(3/p)?
1
Let d(p) = -15*p + 142. What is the tens digit of d(-22)?
7
Let h(k) = -k**3 + 5*k**2 + 5*k - 32. What is the units digit of h(-11)?
9
Suppose -33 = -4*p + 3. Let g = p + 3. Let y = 27 + g. What is the tens digit of y?
3
Let i be 1592/14 + 6/21. Suppose -p = -7*p + i. What is the units digit of p?
9
Let x be (-4 - -2)*(0 - 4). What is the units digit of (-16)/12*3 + x?
4
Suppose 5*y + 5*n = 645, -2*y + 4*n + 242 - 2 = 0. What is the units digit of y?
6
Suppose 4*n - 443 = -15. What is the units digit of n?
7
What is the hundreds digit of 1810 - (-40)/(-3 - 7)?
8
Let r be 4/(-6) + 14/21. Suppose -5*k = -r*k. Suppose k = -5*d + 84 + 11. What is the tens digit of d?
1
Let a be (13 - 8)/((-2)/6). Let c = 16 - a. What is the units digit of c?
1
What is the tens digit of 38778/78 - -3*2/(-39)?
9
Let g(q) = q + 23. Let y be g(-11). Let d = y - -89. What is the tens digit of d?
0
Suppose -5*o = -x - 28, 2*x + 6*o = o + 19. Let a(t) = t**3 + 2*t**2 - 1. Let r be a(x). What is the units digit of (-248)/r + 3/15?
5
Let m(i) = -i**2 + 3*i. Let f be m(5). Let w be (6/f)/((-2)/10). Suppose w*z = -z + 68. What is the tens digit of z?
1
Suppose -x + 12 = -4*x, 0 = -3*i - 3*x + 1704. Suppose 5*t - v - i = -132, 3*t - 247 = 4*v. Let n = t - 38. What is the units digit of n?
1
Suppose -5*k + s + 42 = 0, 3*s - 2*s - 22 = -3*k. Let q(p) = -p**2 + 6*p + 17. What is the units digit of q(k)?
1
Let d = 254 + -145. Let l = d - 63. What is the tens digit of l?
4
Suppose 2*c + w = 537, 1159 = 3*c + 5*w + 357. What is the hundreds digit of c?
2
Let c(x) = 2*x**2 + 5*x - 13. Let w(v) = -3*v**3 - 3*v**2 + v. Let g be w(2). Let f = -41 - g. What is the units digit of c(f)?
0
Suppose 3*o - 4005 = -u, -6*u = 2*o - 11*u - 2687. What is the tens digit of o?
3
Let r(t) = -6*t - 52. What is the units digit of r(-26)?
4
Suppose -6*u + 455 = -19*u. What is the units digit of 5/(-25) + (-9597)/u?
4
Let k(s) = -s**2 - 9*s + 16. Suppose -35 = -y + 8*y. What is the tens digit of k(y)?
3
Suppose -v = 5*l + 2*v - 269, 2*l = -4*v + 116. What is the tens digit of 6*l/6 + 0?
5
Suppose 20 = -z + 29. What is the units digit of 3135/9 - 12/z?
7
Suppose -93 = -k + 2. Let g be (-1228)/20 - ((-135)/25 + 5). Let f = k + g. What is the tens digit of f?
3
Suppose 1092 = -6*l + 3912. What is the units digit of l?
0
Let s = 188 - 12. Suppose 2*v + 3*z = 169 + s, 2*v - 4*z - 352 = 0. What is the units digit of v?
4
Suppose 3*u - 4*k + 130 = k, 0 = 4*u + 3*k + 125. Let o = 86 + u. What is the units digit of o?
1
Let l be -1 + (-1 - -5) + (2 - 18). Suppose -5*p + 82 = 3*a, 3*p + 102 = 4*a + 6*p. Let q = a - l. What is the units digit of q?
7
Let a = -431 + 752. Suppose g = 5*j - 301, 7*j + 4*g - a = 2*j. What is the tens digit of j?
6
Let s = -1641 + 2775. What is the units digit of s?
4
Let h be -1*274/(-18) - 2/9. Let m be 15*6 + -1 + -1. Suppose -19*v = -h*v - m. What is the tens digit of v?
2
Suppose n + 4*s = 3592, -3*s - 3546 = -n + 81. What is the tens digit of n?
1
Let u(m) = m**3 - 5*m**2 - 4*m - 8. Let y be u(6). Suppose 0 = 3*b - 5*k - 9, y*b = -3*k - 18 + 1. What is the units digit of (4/5)/(b/(-25))?
0
Let j = 1047 + -264. What is the tens digit of j?
8
Suppose 6*w = -0*w + 3990. What is the units digit of w?
5
Suppose 0 = 3*x + 634 - 1960. What is the units digit of x?
2
Let p be 12/(-24)*1/(2/(-4196)). Suppose 8*a + 105 = p. What is the hundreds digit of a?
1
What is the units digit of 14490/84*24/5?
8
Suppose 0 = -7*k + 3*k + 36. Let m = 3 - k. Let h = m - -27. What is the tens digit of h?
2
Suppose -5*q - 142 + 507 = 0. Let a = 104 - q. Suppose 0 = -3*l - a + 139. What is the tens digit of l?
3
Let g(x) = 2*x**2 - 11*x + 2. What is the hundreds digit of g(-10)?
3
Let a(z) = 12*z - 31. What is the units digit of a(3)?
5
What is the units digit of -68 + 62 + (1085 - (0 - 2))?
1
Let v = -53 - -107. Let w be (-18)/v + 22/(-6). Let k(h) = 3*h**2 + h - 3. What is the tens digit of k(w)?
4
Let u(a) = -107*a + 5. What is the hundreds digit of u(-7)?
7
Suppose -5*z + 9 = -3*h + 562, 0 = 5*z - 4*h + 554. Let m = z + 72. Let p = -10 - m. What is the tens digit of p?
2
What is the units digit of 1131/2 + (-14)/(-4)?
9
Let r be (2 + 0)/((-3)/3). Let f be (r + 247 + -4)/1. Suppose -2*d - 3*d + f = 4*y, 5*d = 25. What is the units digit of y?
4
Let k(g) = -g**2 + 6*g + 4. Let t be k(-6). What is the units digit of -33*(4 - t/(-12))?
5
Let b be 4 + -1 + -3*3. Let j = -136 + b. Let f = -79 - j. What is the tens digit of f?
6
Let p be 6 - 2 - 0/(-1 - -2). Suppose 3*r = 2*h + 77, -p*r + 112 = -h + 3*h. What is the tens digit of r?
2
Suppose 2019 + 15 = 6*j. Let q = j + -164. What is the tens digit of q?
7
Let a(b) = -b + 4. Let i be a(4). Let k(v) = 5*v**2 + v. Let s be k(-1). Suppose 3*c - 89 = -s*m, i = -m + 2. What is the tens digit of c?
2
Let n = -13 - -10. Let o(l) = -39*l - 11. What is the units digit of o(n)?
6
Let p(k) = 7*k**2 + 3*k - 5. Suppose -17 = 5*f + 3. Let z = -2 - f. What is the tens digit of p(z)?
2
Let m(i) be the third derivative of -i**4/8 - 17*i**3/6 - 2*i**2. Let b be (1 + 5)*24/(-9). What is the units digit of m(b)?
1
Sup